{"id":1307,"date":"2025-07-28T14:01:10","date_gmt":"2025-07-28T14:01:10","guid":{"rendered":"https:\/\/yellow-gazelle-403867.hostingersite.com\/?page_id=1307"},"modified":"2026-01-23T14:28:06","modified_gmt":"2026-01-23T14:28:06","slug":"konferenslokal-hotorget","status":"publish","type":"page","link":"https:\/\/westmanska.se\/en\/ort\/konferenslokal-hotorget\/","title":{"rendered":"Konferenslokal-hotorget"},"content":{"rendered":"<div data-elementor-type=\"wp-post\" data-elementor-id=\"1307\" class=\"elementor elementor-1307\" data-elementor-post-type=\"page\">\n\t\t\t\t<div class=\"elementor-element elementor-element-1d76f06 e-flex e-con-boxed e-con e-parent\" data-id=\"1d76f06\" data-element_type=\"container\" data-settings=\"{&quot;background_background&quot;:&quot;classic&quot;}\">\n\t\t\t\t\t<div class=\"e-con-inner\">\n\t\t\t\t<div class=\"elementor-element elementor-element-4ee40e6 elementor-widget elementor-widget-heading\" data-id=\"4ee40e6\" data-element_type=\"widget\" data-widget_type=\"heading.default\">\n\t\t\t\t\t<h1 class=\"elementor-heading-title elementor-size-default\">Konferenslokal H\u00f6torget\n<\/h1>\t\t\t\t<\/div>\n\t\t\t\t\t<\/div>\n\t\t\t\t<\/div>\n\t\t<div class=\"elementor-element elementor-element-0d9bce2 e-con-full e-flex e-con e-parent\" data-id=\"0d9bce2\" data-element_type=\"container\" data-settings=\"{&quot;background_background&quot;:&quot;gradient&quot;}\">\n\t\t<div class=\"elementor-element elementor-element-813d44e e-con-full e-flex e-con e-child\" data-id=\"813d44e\" data-element_type=\"container\">\n\t\t\t\t<div class=\"elementor-element elementor-element-e4f3563 elementor-widget elementor-widget-heading\" data-id=\"e4f3563\" data-element_type=\"widget\" data-widget_type=\"heading.default\">\n\t\t\t\t\t<h2 class=\"elementor-heading-title elementor-size-default\">Konferenslokal H\u00f6torget\n<\/h2>\t\t\t\t<\/div>\n\t\t\t\t<div class=\"elementor-element elementor-element-32879e6 elementor-widget elementor-widget-text-editor\" data-id=\"32879e6\" data-element_type=\"widget\" data-widget_type=\"text-editor.default\">\n\t\t\t\t\t\t\t\t\t<p class=\"framer-text framer-styles-preset-g3t3gs\"><strong class=\"framer-text\">Konferenslokal H\u00f6torget.<\/strong>\u00a0\u00c4r det just H\u00f6torget som \u00e4r det avg\u00f6rande kriteriet i ditt val av konferenslokal.<br class=\"framer-text\" \/>Or are you looking for representative conference rooms in a central location, for an affordable day conference?<br class=\"framer-text\" \/>Do you want to be sure that you and your conference guests are well looked after?<br class=\"framer-text\" \/>Can we tempt you with day conferences in an attractive location in the centre of Stockholm?<br class=\"framer-text\" \/>If so, we invite you to discover the Westman Palace!<\/p>\t\t\t\t\t\t\t\t<\/div>\n\t\t\t\t<div class=\"elementor-element elementor-element-e24f7d5 elementor-widget elementor-widget-heading\" data-id=\"e24f7d5\" data-element_type=\"widget\" data-widget_type=\"heading.default\">\n\t\t\t\t\t<h2 class=\"elementor-heading-title elementor-size-default\">Konferenslokaler H\u00f6torget \u2013 Kan vi fresta dig att t\u00e4nka om\n<\/h2>\t\t\t\t<\/div>\n\t\t\t\t<div class=\"elementor-element elementor-element-eb12356 elementor-widget elementor-widget-text-editor\" data-id=\"eb12356\" data-element_type=\"widget\" data-widget_type=\"text-editor.default\">\n\t\t\t\t\t\t\t\t\t<p class=\"framer-text framer-styles-preset-g3t3gs\">\u00c4ven om du ursprungligen s\u00f6kte konferenslokaler H\u00f6torget s\u00e5 v\u00e5gar vi utmana dig.<br class=\"framer-text\" \/>Dare to rethink!<br class=\"framer-text\" \/>Du \u00e4r n\u00e5gra minuter bort fr\u00e5n Westmanska Palatset, en trivsam konferensanl\u00e4ggning med unika lokaler att konferera i!<\/p><p class=\"framer-text framer-styles-preset-g3t3gs\">Westmanska Palatset is:<\/p><ul class=\"framer-text\"><li class=\"framer-text framer-styles-preset-g3t3gs\" data-preset-tag=\"p\"><p class=\"framer-text framer-styles-preset-g3t3gs\">A first-class conference centre in the heart of Stockholm<\/p><\/li><\/ul><p class=\"framer-text framer-styles-preset-g3t3gs\">which:<\/p><ul class=\"framer-text\"><li class=\"framer-text framer-styles-preset-g3t3gs\" data-preset-tag=\"p\"><p class=\"framer-text framer-styles-preset-g3t3gs\">Offers you a fantastic and prestigious environment to hold your conference<\/p><\/li><\/ul><p class=\"framer-text framer-styles-preset-g3t3gs\">Built between 1799 and 1800, the palace has a fascinating history.<br class=\"framer-text\" \/>You are very welcome to organise a conference with us!<\/p>\t\t\t\t\t\t\t\t<\/div>\n\t\t\t\t<div class=\"elementor-element elementor-element-9b9d9d3 elementor-widget elementor-widget-heading\" data-id=\"9b9d9d3\" data-element_type=\"widget\" data-widget_type=\"heading.default\">\n\t\t\t\t\t<h2 class=\"elementor-heading-title elementor-size-default\">Konferenslokal i Norrmalm f\u00f6r verksamheter fr\u00e5n H\u00f6torget\n<\/h2>\t\t\t\t<\/div>\n\t\t\t\t<div class=\"elementor-element elementor-element-9d12afa elementor-widget elementor-widget-text-editor\" data-id=\"9d12afa\" data-element_type=\"widget\" data-widget_type=\"text-editor.default\">\n\t\t\t\t\t\t\t\t\t<p class=\"framer-text framer-styles-preset-g3t3gs\">With its architecture and atmosphere, Westmanska Palatset offers an inspiring environment for conferences and is a representative conference centre.<br class=\"framer-text\" \/>The conference facilities are modern and fresh, all rooms are also equipped with the latest technology.<br class=\"framer-text\" \/>Flera av v\u00e5ra kunder s\u00f6kte kanske ursprungligen konferenslokal H\u00f6torget. Sedan de v\u00e4l fastnat f\u00f6r Westmanska Palatset ist\u00e4llet s\u00e5 har de trivts s\u00e5 bra hos oss att flera av dem sedan \u00e5terkommit f\u00f6r nya konferenser.<br class=\"framer-text\" \/>So why not follow their example? Our conference centre is perfect for affordable day conferences.<br class=\"framer-text\" \/>Contact us to discuss what you need to make your next conference a success.<\/p><p class=\"framer-text framer-styles-preset-g3t3gs\">We offer you:<\/p><ul class=\"framer-text\"><li class=\"framer-text framer-styles-preset-g3t3gs\" data-preset-tag=\"p\"><p class=\"framer-text framer-styles-preset-g3t3gs\">A first-class conference centre in an attractive location on Norrmalm.<\/p><\/li><li class=\"framer-text framer-styles-preset-g3t3gs\" data-preset-tag=\"p\"><p class=\"framer-text framer-styles-preset-g3t3gs\">A well-reputed restaurant, Restaurant Westman, directly adjacent to the conference rooms.<\/p><\/li><li class=\"framer-text framer-styles-preset-g3t3gs\" data-preset-tag=\"p\"><p class=\"framer-text framer-styles-preset-g3t3gs\">Catering on a completely different level than most other conference facilities can offer their conference guests.<\/p><\/li><li class=\"framer-text framer-styles-preset-g3t3gs\" data-preset-tag=\"p\"><p class=\"framer-text framer-styles-preset-g3t3gs\">Comfortable, representative conference rooms.<\/p><\/li><li class=\"framer-text framer-styles-preset-g3t3gs\" data-preset-tag=\"p\"><p class=\"framer-text framer-styles-preset-g3t3gs\">Free and flexible furnishing in most rooms, to meet your specific conference furnishing needs.<\/p><\/li><li class=\"framer-text framer-styles-preset-g3t3gs\" data-preset-tag=\"p\"><p class=\"framer-text framer-styles-preset-g3t3gs\">All the latest technology a modern conference might need in every room.<\/p><\/li><li class=\"framer-text framer-styles-preset-g3t3gs\" data-preset-tag=\"p\"><p class=\"framer-text framer-styles-preset-g3t3gs\">Top level service with wonderful conference hosts.<\/p><\/li><li class=\"framer-text framer-styles-preset-g3t3gs\" data-preset-tag=\"p\"><p class=\"framer-text framer-styles-preset-g3t3gs\">Conference in a lovely and inspiring historical setting in the heart of Stockholm.<\/p><\/li><\/ul>\t\t\t\t\t\t\t\t<\/div>\n\t\t\t\t<div class=\"elementor-element elementor-element-5ff172c elementor-widget elementor-widget-heading\" data-id=\"5ff172c\" data-element_type=\"widget\" data-widget_type=\"heading.default\">\n\t\t\t\t\t<h2 class=\"elementor-heading-title elementor-size-default\">Boka lokal f\u00f6r dagkonferenser f\u00f6r verksamheter fr\u00e5n H\u00f6torget\n<\/h2>\t\t\t\t<\/div>\n\t\t\t\t<div class=\"elementor-element elementor-element-a47927c elementor-widget elementor-widget-text-editor\" data-id=\"a47927c\" data-element_type=\"widget\" data-widget_type=\"text-editor.default\">\n\t\t\t\t\t\t\t\t\t<p class=\"framer-text framer-styles-preset-g3t3gs\">We have:<\/p><ul class=\"framer-text\"><li class=\"framer-text framer-styles-preset-g3t3gs\" data-preset-tag=\"p\"><p class=\"framer-text framer-styles-preset-g3t3gs\">Modern and cosy conference and meeting rooms, for all occasions.<\/p><\/li><\/ul><p class=\"framer-text framer-styles-preset-g3t3gs\">And we offer you:<\/p><ul class=\"framer-text\"><li class=\"framer-text framer-styles-preset-g3t3gs\" data-preset-tag=\"p\"><p class=\"framer-text framer-styles-preset-g3t3gs\">All-in-one solutions for your next day conference or industry day.<\/p><\/li><\/ul><p class=\"framer-text framer-styles-preset-g3t3gs\">Our goal is to provide you and your conference guests with the best conference experience possible.<\/p>\t\t\t\t\t\t\t\t<\/div>\n\t\t\t\t<div class=\"elementor-element elementor-element-5cd2dd1 elementor-widget elementor-widget-heading\" data-id=\"5cd2dd1\" data-element_type=\"widget\" data-widget_type=\"heading.default\">\n\t\t\t\t\t<h2 class=\"elementor-heading-title elementor-size-default\">Why not hold your next day conference with us?<\/h2>\t\t\t\t<\/div>\n\t\t\t\t<div class=\"elementor-element elementor-element-a29fe69 elementor-widget elementor-widget-text-editor\" data-id=\"a29fe69\" data-element_type=\"widget\" data-widget_type=\"text-editor.default\">\n\t\t\t\t\t\t\t\t\t<p class=\"framer-text framer-styles-preset-g3t3gs\">You are never alone when you plan a conference here at Westmanska Palatset.<br class=\"framer-text\" \/>Contact us to discuss what you need to make your next conference a success.<br class=\"framer-text\" \/>We help you every step of the way, from start to finish, for a successful conference.<br class=\"framer-text\" \/>V\u00e4lkommen till Westmanska Palatset n\u00e4sta g\u00e5ng ni s\u00f6ker konferenslokal H\u00f6torget.<\/p>\t\t\t\t\t\t\t\t<\/div>\n\t\t\t\t<div class=\"elementor-element elementor-element-43fe20d elementor-widget elementor-widget-image\" data-id=\"43fe20d\" data-element_type=\"widget\" data-widget_type=\"image.default\">\n\t\t\t\t\t\t\t\t\t\t\t\t\t\t\t<img fetchpriority=\"high\" decoding=\"async\" width=\"800\" height=\"300\" src=\"https:\/\/westmanska.se\/wp-content\/uploads\/2025\/07\/VnKTNwhbjY5oxaJRZuLFL6QxaE-1024x384.avif\" class=\"attachment-large size-large wp-image-1154\" alt=\"\" srcset=\"https:\/\/westmanska.se\/wp-content\/uploads\/2025\/07\/VnKTNwhbjY5oxaJRZuLFL6QxaE-1024x384.avif 1024w, https:\/\/westmanska.se\/wp-content\/uploads\/2025\/07\/VnKTNwhbjY5oxaJRZuLFL6QxaE-300x113.avif 300w, https:\/\/westmanska.se\/wp-content\/uploads\/2025\/07\/VnKTNwhbjY5oxaJRZuLFL6QxaE-768x288.avif 768w, https:\/\/westmanska.se\/wp-content\/uploads\/2025\/07\/VnKTNwhbjY5oxaJRZuLFL6QxaE-1536x576.avif 1536w, https:\/\/westmanska.se\/wp-content\/uploads\/2025\/07\/VnKTNwhbjY5oxaJRZuLFL6QxaE.avif 1600w\" sizes=\"(max-width: 800px) 100vw, 800px\" \/>\t\t\t\t\t\t\t\t\t\t\t\t\t\t\t<\/div>\n\t\t\t\t<\/div>\n\t\t\t\t<\/div>\n\t\t<div class=\"elementor-element elementor-element-b060da7 e-flex e-con-boxed e-con e-parent\" data-id=\"b060da7\" data-element_type=\"container\">\n\t\t\t\t\t<div class=\"e-con-inner\">\n\t\t\t\t<div class=\"elementor-element elementor-element-aeb820b elementor-widget elementor-widget-heading\" data-id=\"aeb820b\" data-element_type=\"widget\" data-widget_type=\"heading.default\">\n\t\t\t\t\t<h2 class=\"elementor-heading-title elementor-size-default\">Book your stay<\/h2>\t\t\t\t<\/div>\n\t\t\t\t\t<\/div>\n\t\t\t\t<\/div>\n\t\t\t\t<\/div>","protected":false},"excerpt":{"rendered":"<p>Konferenslokal H\u00f6torget Konferenslokal H\u00f6torget Konferenslokal H\u00f6torget.\u00a0\u00c4r det just H\u00f6torget som \u00e4r det avg\u00f6rande kriteriet i ditt val av konferenslokal.Eller s\u00f6ker du representativa konferenslokaler i centralt l\u00e4ge, f\u00f6r en prisv\u00e4rd dagkonferens?Vill du vara s\u00e4ker p\u00e5 att du och dina konferensg\u00e4ster blir v\u00e4l omh\u00e4ndertagna?Kan vi fresta er med dagkonferenser i ett attraktivt l\u00e4ge i centrala Stockholm?I s\u00e5 [&hellip;]<\/p>","protected":false},"author":1,"featured_media":0,"parent":1141,"menu_order":0,"comment_status":"closed","ping_status":"closed","template":"","meta":{"footnotes":""},"class_list":["post-1307","page","type-page","status-publish","hentry"],"_links":{"self":[{"href":"https:\/\/westmanska.se\/en\/wp-json\/wp\/v2\/pages\/1307","targetHints":{"allow":["GET"]}}],"collection":[{"href":"https:\/\/westmanska.se\/en\/wp-json\/wp\/v2\/pages"}],"about":[{"href":"https:\/\/westmanska.se\/en\/wp-json\/wp\/v2\/types\/page"}],"author":[{"embeddable":true,"href":"https:\/\/westmanska.se\/en\/wp-json\/wp\/v2\/users\/1"}],"replies":[{"embeddable":true,"href":"https:\/\/westmanska.se\/en\/wp-json\/wp\/v2\/comments?post=1307"}],"version-history":[{"count":13,"href":"https:\/\/westmanska.se\/en\/wp-json\/wp\/v2\/pages\/1307\/revisions"}],"predecessor-version":[{"id":4213,"href":"https:\/\/westmanska.se\/en\/wp-json\/wp\/v2\/pages\/1307\/revisions\/4213"}],"up":[{"embeddable":true,"href":"https:\/\/westmanska.se\/en\/wp-json\/wp\/v2\/pages\/1141"}],"wp:attachment":[{"href":"https:\/\/westmanska.se\/en\/wp-json\/wp\/v2\/media?parent=1307"}],"curies":[{"name":"wp","href":"https:\/\/api.w.org\/{rel}","templated":true}]}}

<div data-elementor-type="wp-post" data-elementor-id="1307" class="elementor elementor-1307" data-elementor-post-type="page">
				<div class="elementor-element elementor-element-1d76f06 e-flex e-con-boxed e-con e-parent" data-id="1d76f06" data-element_type="container" data-settings="{&quot;background_background&quot;:&quot;classic&quot;}">
					<div class="e-con-inner">
				<div class="elementor-element elementor-element-4ee40e6 elementor-widget elementor-widget-heading" data-id="4ee40e6" data-element_type="widget" data-widget_type="heading.default">
					<h1 class="elementor-heading-title elementor-size-default">Konferenslokal Hötorget
</h1>				</div>
					</div>
				</div>
		<div class="elementor-element elementor-element-0d9bce2 e-con-full e-flex e-con e-parent" data-id="0d9bce2" data-element_type="container" data-settings="{&quot;background_background&quot;:&quot;gradient&quot;}">
		<div class="elementor-element elementor-element-813d44e e-con-full e-flex e-con e-child" data-id="813d44e" data-element_type="container">
				<div class="elementor-element elementor-element-e4f3563 elementor-widget elementor-widget-heading" data-id="e4f3563" data-element_type="widget" data-widget_type="heading.default">
					<h2 class="elementor-heading-title elementor-size-default">Konferenslokal Hötorget
</h2>				</div>
				<div class="elementor-element elementor-element-32879e6 elementor-widget elementor-widget-text-editor" data-id="32879e6" data-element_type="widget" data-widget_type="text-editor.default">
									<p class="framer-text framer-styles-preset-g3t3gs"><strong class="framer-text">Konferenslokal Hötorget.</strong> Är det just Hötorget som är det avgörande kriteriet i ditt val av konferenslokal.<br class="framer-text" />Or are you looking for representative conference rooms in a central location, for an affordable day conference?<br class="framer-text" />Do you want to be sure that you and your conference guests are well looked after?<br class="framer-text" />Can we tempt you with day conferences in an attractive location in the centre of Stockholm?<br class="framer-text" />If so, we invite you to discover the Westman Palace!</p>								</div>
				<div class="elementor-element elementor-element-e24f7d5 elementor-widget elementor-widget-heading" data-id="e24f7d5" data-element_type="widget" data-widget_type="heading.default">
					<h2 class="elementor-heading-title elementor-size-default">Konferenslokaler Hötorget – Kan vi fresta dig att tänka om
</h2>				</div>
				<div class="elementor-element elementor-element-eb12356 elementor-widget elementor-widget-text-editor" data-id="eb12356" data-element_type="widget" data-widget_type="text-editor.default">
									<p class="framer-text framer-styles-preset-g3t3gs">Även om du ursprungligen sökte konferenslokaler Hötorget så vågar vi utmana dig.<br class="framer-text" />Dare to rethink!<br class="framer-text" />Du är några minuter bort från Westmanska Palatset, en trivsam konferensanläggning med unika lokaler att konferera i!</p><p class="framer-text framer-styles-preset-g3t3gs">Westmanska Palatset is:</p><ul class="framer-text"><li class="framer-text framer-styles-preset-g3t3gs" data-preset-tag="p"><p class="framer-text framer-styles-preset-g3t3gs">A first-class conference centre in the heart of Stockholm</p></li></ul><p class="framer-text framer-styles-preset-g3t3gs">which:</p><ul class="framer-text"><li class="framer-text framer-styles-preset-g3t3gs" data-preset-tag="p"><p class="framer-text framer-styles-preset-g3t3gs">Offers you a fantastic and prestigious environment to hold your conference</p></li></ul><p class="framer-text framer-styles-preset-g3t3gs">Built between 1799 and 1800, the palace has a fascinating history.<br class="framer-text" />You are very welcome to organise a conference with us!</p>								</div>
				<div class="elementor-element elementor-element-9b9d9d3 elementor-widget elementor-widget-heading" data-id="9b9d9d3" data-element_type="widget" data-widget_type="heading.default">
					<h2 class="elementor-heading-title elementor-size-default">Konferenslokal i Norrmalm för verksamheter från Hötorget
</h2>				</div>
				<div class="elementor-element elementor-element-9d12afa elementor-widget elementor-widget-text-editor" data-id="9d12afa" data-element_type="widget" data-widget_type="text-editor.default">
									<p class="framer-text framer-styles-preset-g3t3gs">With its architecture and atmosphere, Westmanska Palatset offers an inspiring environment for conferences and is a representative conference centre.<br class="framer-text" />The conference facilities are modern and fresh, all rooms are also equipped with the latest technology.<br class="framer-text" />Flera av våra kunder sökte kanske ursprungligen konferenslokal Hötorget. Sedan de väl fastnat för Westmanska Palatset istället så har de trivts så bra hos oss att flera av dem sedan återkommit för nya konferenser.<br class="framer-text" />So why not follow their example? Our conference centre is perfect for affordable day conferences.<br class="framer-text" />Contact us to discuss what you need to make your next conference a success.</p><p class="framer-text framer-styles-preset-g3t3gs">We offer you:</p><ul class="framer-text"><li class="framer-text framer-styles-preset-g3t3gs" data-preset-tag="p"><p class="framer-text framer-styles-preset-g3t3gs">A first-class conference centre in an attractive location on Norrmalm.</p></li><li class="framer-text framer-styles-preset-g3t3gs" data-preset-tag="p"><p class="framer-text framer-styles-preset-g3t3gs">A well-reputed restaurant, Restaurant Westman, directly adjacent to the conference rooms.</p></li><li class="framer-text framer-styles-preset-g3t3gs" data-preset-tag="p"><p class="framer-text framer-styles-preset-g3t3gs">Catering on a completely different level than most other conference facilities can offer their conference guests.</p></li><li class="framer-text framer-styles-preset-g3t3gs" data-preset-tag="p"><p class="framer-text framer-styles-preset-g3t3gs">Comfortable, representative conference rooms.</p></li><li class="framer-text framer-styles-preset-g3t3gs" data-preset-tag="p"><p class="framer-text framer-styles-preset-g3t3gs">Free and flexible furnishing in most rooms, to meet your specific conference furnishing needs.</p></li><li class="framer-text framer-styles-preset-g3t3gs" data-preset-tag="p"><p class="framer-text framer-styles-preset-g3t3gs">All the latest technology a modern conference might need in every room.</p></li><li class="framer-text framer-styles-preset-g3t3gs" data-preset-tag="p"><p class="framer-text framer-styles-preset-g3t3gs">Top level service with wonderful conference hosts.</p></li><li class="framer-text framer-styles-preset-g3t3gs" data-preset-tag="p"><p class="framer-text framer-styles-preset-g3t3gs">Conference in a lovely and inspiring historical setting in the heart of Stockholm.</p></li></ul>								</div>
				<div class="elementor-element elementor-element-5ff172c elementor-widget elementor-widget-heading" data-id="5ff172c" data-element_type="widget" data-widget_type="heading.default">
					<h2 class="elementor-heading-title elementor-size-default">Boka lokal för dagkonferenser för verksamheter från Hötorget
</h2>				</div>
				<div class="elementor-element elementor-element-a47927c elementor-widget elementor-widget-text-editor" data-id="a47927c" data-element_type="widget" data-widget_type="text-editor.default">
									<p class="framer-text framer-styles-preset-g3t3gs">We have:</p><ul class="framer-text"><li class="framer-text framer-styles-preset-g3t3gs" data-preset-tag="p"><p class="framer-text framer-styles-preset-g3t3gs">Modern and cosy conference and meeting rooms, for all occasions.</p></li></ul><p class="framer-text framer-styles-preset-g3t3gs">And we offer you:</p><ul class="framer-text"><li class="framer-text framer-styles-preset-g3t3gs" data-preset-tag="p"><p class="framer-text framer-styles-preset-g3t3gs">All-in-one solutions for your next day conference or industry day.</p></li></ul><p class="framer-text framer-styles-preset-g3t3gs">Our goal is to provide you and your conference guests with the best conference experience possible.</p>								</div>
				<div class="elementor-element elementor-element-5cd2dd1 elementor-widget elementor-widget-heading" data-id="5cd2dd1" data-element_type="widget" data-widget_type="heading.default">
					<h2 class="elementor-heading-title elementor-size-default">Why not hold your next day conference with us?</h2>				</div>
				<div class="elementor-element elementor-element-a29fe69 elementor-widget elementor-widget-text-editor" data-id="a29fe69" data-element_type="widget" data-widget_type="text-editor.default">
									<p class="framer-text framer-styles-preset-g3t3gs">You are never alone when you plan a conference here at Westmanska Palatset.<br class="framer-text" />Contact us to discuss what you need to make your next conference a success.<br class="framer-text" />We help you every step of the way, from start to finish, for a successful conference.<br class="framer-text" />Välkommen till Westmanska Palatset nästa gång ni söker konferenslokal Hötorget.</p>								</div>
				<div class="elementor-element elementor-element-43fe20d elementor-widget elementor-widget-image" data-id="43fe20d" data-element_type="widget" data-widget_type="image.default">
															<img fetchpriority="high" decoding="async" width="800" height="300" src="https://westmanska.se/wp-content/uploads/2025/07/VnKTNwhbjY5oxaJRZuLFL6QxaE-1024x384.avif" class="attachment-large size-large wp-image-1154" alt="" srcset="https://westmanska.se/wp-content/uploads/2025/07/VnKTNwhbjY5oxaJRZuLFL6QxaE-1024x384.avif 1024w, https://westmanska.se/wp-content/uploads/2025/07/VnKTNwhbjY5oxaJRZuLFL6QxaE-300x113.avif 300w, https://westmanska.se/wp-content/uploads/2025/07/VnKTNwhbjY5oxaJRZuLFL6QxaE-768x288.avif 768w, https://westmanska.se/wp-content/uploads/2025/07/VnKTNwhbjY5oxaJRZuLFL6QxaE-1536x576.avif 1536w, https://westmanska.se/wp-content/uploads/2025/07/VnKTNwhbjY5oxaJRZuLFL6QxaE.avif 1600w" sizes="(max-width: 800px) 100vw, 800px" />															</div>
				</div>
				</div>
		<div class="elementor-element elementor-element-b060da7 e-flex e-con-boxed e-con e-parent" data-id="b060da7" data-element_type="container">
					<div class="e-con-inner">
				<div class="elementor-element elementor-element-aeb820b elementor-widget elementor-widget-heading" data-id="aeb820b" data-element_type="widget" data-widget_type="heading.default">
					<h2 class="elementor-heading-title elementor-size-default">Book your stay</h2>				</div>
					</div>
				</div>
				</div>

<p>Konferenslokal Hötorget Konferenslokal Hötorget Konferenslokal Hötorget. Är det just Hötorget som är det avgörande kriteriet i ditt val av konferenslokal.Eller söker du representativa konferenslokaler i centralt läge, för en prisvärd dagkonferens?Vill du vara säker på att du och dina konferensgäster blir väl omhändertagna?Kan vi fresta er med dagkonferenser i ett attraktivt läge i centrala Stockholm?I så [&hellip;]</p>
